be -4 - (3 + -2)*g. Let o(p) = p + 4. Calculate o(y).
0
Suppose 5*a - 3*a = 3*t + 25, 2*t + 6 = 0. Suppose 0 = -l + 5*l + a. Let b(w) = w**3 + 2*w**2 - 2*w - 2. Determine b(l).
2
Let q(s) be the third derivative of -s**6/120 + s**4/12 - 21*s**2. What is q(-2)?
4
Let g(b) = -7 + 3*b + 4 - b. Let p = -2 - -8. Suppose -l - 13 = -p*l + 3*f, -5*l = -5*f - 5. Determine g(l).
7
Let g(a) = a**3 - 4*a**2 + a + 4. Suppose 2*z - 24 = 5*z. Let i be z/(-40) + (-19)/(-5). Calculate g(i).
8
Let i(f) = 4*f**2 + 6. Let l(x) = -6*x**2 + 6*x - 6. Let u(j) = -j**2 + j - 1. Let p(s) = -2*l(s) + 11*u(s). Let a(y) = i(y) - 5*p(y). What is a(5)?
1
Let w(h) = -h**2 - 7*h - 6. Let n be -14*(4/(-22) - 120/(-176)). Calculate w(n).
-6
Let h(n) = n - 15 + 15. Let c(t) = -9*t - 2. Let k(b) = c(b) + 6*h(b). Let s = 2 - 5. Give k(s).
7
Let g be -8*(-2 - (-15)/12). Let n(m) = 2*m**2 + m - 1. Let u be n(-2). Let w(x) = -8 + 7*x + 3*x**2 + x**2 - u*x**2. What is w(g)?
-2
Let k(g) be the first derivative of -6*g + 5 - 1/2*g**2. Let v be k(-8). Let w(d) = -6*d + 2. What is w(v)?
-10
Let z(i) = -7*i + i**2 - 2*i**2 - 7 + 26 - 12. Calculate z(-7).
7
Let t(b) = b**2 - 2*b - 4. Let c(j) = j**2 + 8*j + 12. Let n be c(-5). Calculate t(n).
11
Suppose -2*f = -0 + 2. Let i be (0/f)/(1 + 1). Let c(z) = z**3 - z**2 - z + 4. Let s(q) = -3*q**3 + 2*q**2 + 3*q - 9. Let n(u) = 5*c(u) + 2*s(u). Give n(i).
2
Suppose -4*v + 27 = 4*k + 11, 5*v + k - 16 = 0. Suppose -v*s = s - 4. Let o be (0 - 0)/((-2)/s). Let q(t) = -t**2 + t - 4. Determine q(o).
-4
Let c(i) = i**3 + 6*i**2 - i - 7. Let s = -6 + 0. Let u be c(s). Let r(m) be the second derivative of 3*m**4/4 - m**3/6 - m**2/2 + 5*m. What is r(u)?
9
Let d(a) be the second derivative of a**8/6720 - a**7/630 + a**6/240 - a**5/30 - a**4/4 - 5*a. Let m(s) be the third derivative of d(s). Determine m(4).
8
Suppose -4*n - 12 = -3*j, 6*n - 8 = -2*j + 2*n. Suppose z - j = -0. Let g(x) = x**3 - 4*x**2 - x + 2. Give g(z).
-2
Let m(u) = u**2 - u - 1. Let x = 1 - 1. Suppose 5*t = 4*g + 40, 2*g - 4*t + 20 = -x*g. Let n be (-1 - 0)*(g - -8). Determine m(n).
1
Let z(h) be the second derivative of -h**7/2520 - h**6/240 - h**5/24 + h**4/4 - 3*h. Let u(q) be the third derivative of z(q). Give u(-4).
-9
Let d(g) = -g + 3. Let v(z) = -1. Let o(y) = -d(y) + 6*v(y). Calculate o(7).
-2
Let k(c) = 1 - 6*c + 6*c + 9*c. Suppose -7 = 4*j - 3. Give k(j).
-8
Let a(x) = -x**2 + 5*x - 4. Let v be a(3). Let o(u) = u**2 - 7*u + 8. Let s be o(6). Let k(b) = 3 - s - 3*b**2 + 3*b - 2. What is k(v)?
-7
Let n(u) be the second derivative of -u**7/2520 + u**6/720 + u**5/60 - u**4/12 + u. Let m(y) be the third derivative of n(y). Calculate m(2).
0
Let a(p) = -3*p**2 - 7*p + 2. Let s(x) = 5*x**2 + 13*x - 4. Let q(l) = -7*a(l) - 4*s(l). Let y be -1 + (0 - (4 - 9)). Determine q(y).
6
Let r(t) = -8*t**2 + t**3 - 2 - 2 + 2 + 8*t. Calculate r(7).
5
Suppose -4*b - 10 = 2*q, 5*b + 0*b + 2*q + 12 = 0. Let p(s) = -12*s - 8. Let t(y) = -3*y - 2. Let m(h) = -2*p(h) + 9*t(h). Determine m(b).
4
Let u(v) = -3*v + 10. Let p be 0 + 2/(-11) - (-707)/77. What is u(p)?
-17
Let w(t) = t**2 - 1. Let m(a) = -2*a**2 - 15. Let l(f) = m(f) + w(f). Calculate l(0).
-16
Let i(j) be the second derivative of -j**5/20 - j**4/2 - j**3/3 + 5*j**2/2 - j. Determine i(-5).
-10
Let w(r) = -2*r - 7. Let s be w(-6). Let t(m) = -6*m**2 + 2*m + 0*m**3 + 2*m + m**3 + 5 - 3. Determine t(s).
-3
Let m(x) be the second derivative of 2*x**2 + 0 - 1/12*x**4 - 5*x - 1/6*x**3. Calculate m(-3).
-2
Let a(g) be the third derivative of -g**4/6 - g**3/6 + 19*g**2. What is a(-1)?
3
Let v(w) be the first derivative of -w**4/4 - 2*w**3/3 + 3*w**2 + 2*w + 12. Calculate v(-4).
10
Suppose -2*a - 2*p = 1 - 11, 5*p + 15 = 0. Suppose 0 = u - 5*u + a. Let k(y) = -y**3 + 3*y**2 - 2*y - 2. Give k(u).
-2
Let w(i) be the third derivative of i**7/2520 - i**6/90 + 7*i**5/120 - 5*i**4/24 - 2*i**2. Let x(a) be the second derivative of w(a). Determine x(6).
-5
Let s = 19 + -14. Suppose s*k - 5*n = 25, 2 = 5*n + 12. Let t(q) = q**3 - 3*q**2 + 3*q - 3. Determine t(k).
6
Suppose -19 = -4*m - 3. Let c(h) be the third derivative of 1/120*h**6 + 0 - 1/6*h**m + 0*h + 3*h**2 + 1/30*h**5 - 2/3*h**3. Calculate c(-3).
-1
Suppose -5*b - 10 = -10*b. Let v(h) = 0*h - 4 + 9 + h**b - 3*h. Let x(w) = 2*w**2 + w - 2. Let q be x(-2). Determine v(q).
9
Let r be ((-4)/(-3))/(2/3). Let y(j) = -j**3 + j - 1. Let b(g) = g**3 + 3*g**2 - 4*g + 4. Let s(z) = -b(z) - 3*y(z). What is s(r)?
5
Let i(x) = 0*x - 3 - 2*x + x + 0*x. Determine i(0).
-3
Let d(l) be the second derivative of l**4/12 + 7*l**2/2 - 19*l. What is d(0)?
7
Let k = 108 + -104. Let j(o) be the second derivative of 1/12*o**k + o**2 + o - 1/2*o**3 + 0. Calculate j(2).
0
Let g = -3 + 10/3. Let o(a) be the second derivative of 2*a + 0*a**2 - g*a**3 + 0. What is o(-1)?
2
Suppose 1 = 4*t - 7. Suppose 17 + 17 = 3*k - 5*u, -4*k = 5*u + 13. Let d(j) = -j**2 + j**2 + 1 - j**k + 2*j. Give d(t).
-3
Let d(h) = 3*h**3 - 4*h**2 + 7*h - 4. Let y(v) = 4*v**3 - 3*v**2 + 7*v - 4. Let g(k) = -3*d(k) + 2*y(k). Determine g(4).
8
Let k(c) be the second derivative of c**3/6 + 8*c**2 - 34*c. What is k(-12)?
4
Let h(a) = 7*a**3 - a**2 + a - 1. Let i be (-2)/(-2) + (4 - 3). Let c be i + (5 - 2)/(-3). What is h(c)?
6
Let b(o) be the second derivative of o**3 + o**2 + o. Let l(j) = 3*j - 3. Let k be l(3). Suppose -3*u = -4*c + k, -6*u + 3*u - 6 = 2*c. Give b(u).
-10
Let u(n) = -n + 1. Let k(w) = w + 4. Let h(i) = k(i) - 2*u(i). Determine h(3).
11
Let i(f) = 0*f - 2 + 6 - 2 + f. What is i(-5)?
-3
Let f be ((-2)/4)/(6/(-60)). Suppose -2*t = f*s + 23, 4*s = -4*t + 9 - 37. Let z be 2/(1*t/10). Let h(n) = n - 1. Give h(z).
-6
Let r(t) = -5*t - 2*t**3 - 5*t**2 + t**3 - 3 + t. Suppose 2*u = -u - 12. Determine r(u).
-3
Suppose 0 = -3*u + 4*w - 11 - 20, -2*w - 2 = 2*u. Let p(s) = -s**3 - 5*s**2 - s + 4. Give p(u).
9
Let n(v) = -2*v - 5*v - 2*v**3 + 1 + 6*v. Determine n(1).
-2
Let r(j) be the second derivative of -j**6/120 + j**5/15 - j**4/12 - j**3/3 + j**2 + 2*j. Let b(f) be the first derivative of r(f). Give b(4).
-10
Let y(o) = o**2 + 3*o + 2. Let h be (-185)/25 - 4/(-10). Let p = h + 0. Let m = p - -5. Calculate y(m).
0
Let f(a) = a + 3. Suppose -3*v - 3 = -5*j + 40, 14 = -4*v - 2*j. Give f(v).
-3
Let c(u) be the second derivative of -u**5/20 + u**4/2 - 2*u**3/3 + 3*u**2/2 - u. Let q be (21/(-14))/(6/(-8)). Suppose -2 - 8 = -q*s. Give c(s).
8
Suppose o - 2*o - 18 = -v, -5*v + 4*o + 85 = 0. Suppose -5*u - v - 4 = 2*t, 5*t - 7 = 4*u. Let z(d) = 5*d + 0 - 4 + 3. Give z(t).
-6
Let g(v) = 4*v**2 - 6*v - 15. Let j(r) = -7*r**2 + 13*r + 29. Let n(i) = -5*g(i) - 3*j(i). Calculate n(10).
-2
Let f(w) = 2*w**3 + w**2 - 5*w - 13. Let k(x) = x**3 + x**2 - 3*x - 6. Let g(m) = -2*f(m) + 5*k(m). Give g(-4).
0
Let y(b) = b**2 + 5*b + 7. Let f(d) = -2*d**2 - 5*d - 6. Let t(r) = -2*f(r) - 3*y(r). Calculate t(7).
5
Let i be (2/(-1) - -3) + -5. Let a(y) be the second derivative of -y**6/720 - y**5/60 + y**4/12 + y. Let q(v) be the third derivative of a(v). Give q(i).
2
Let m(p) be the second derivative of 1/20*p**5 - 1/2*p**4 + 1/2*p**2 + 0 - 5*p - 1/6*p**3. What is m(6)?
-5
Let w(q) = -q**2 + 4*q - 4. Let b = -3 - -7. Suppose b*a + 4 = 16. What is w(a)?
-1
Let d(s) = s**2 - 2*s + 13. Let k(j) = -j**2 + 3*j - 12. Let b(p) = -5*d(p) - 6*k(p). Let g be b(7). Suppose g = -3*m - m + 4. Let a(f) = 6*f. Calculate a(m).
6
Let y(w) be the second derivative of -w**4/12 - w**3 - 3*w**2 + 7*w. Give y(-6).
-6
Let n be (7/(-2))/(12/24). Let m(b) = b**2 + 4*b + 1. Determine m(n).
22
Let n(l) = l**2 - l - 1. Let g be 12/16 + 45/(-12). Let t(d) = -d + 1. Let p be t(-2). Let v = g + p. Give n(v).
-1
Let c(n) = -5*n**2 - 5 + n**3 + 0*n**2 + 4*n**2. Determine c(0).
-5
Suppose -207*p + 208*p = -1. Let w(q) = 5*q**2 + 1. What is w(p)?
6
Let j be (3/(-3))/(2/(-4)). Suppose z = j*z. Let s(y) be the first derivative of y**2/2 + 3*y - 3. Determine s(z).
3
Let k(n) = 11*n**3 - n**2 - 2*n - 1. Let b(p) = -p + 6. Let i be (42/24)/((-1)/(-4)). Let s be b(i). Give k(s).
-11
Let c(o) = o**3 - 10*o**2 - 11*o + 6. Let j(l) = l + 5. Let n be j(6). Determine c(n).
6
Suppose 0 = 4*s + 16, 2*v - 168 = -2*v + 2*s. Suppose 4*y = 8*y - v. Let i(j) = -y + j + 10. Determine i(-5).
-5
Let q(o) = -6*o**2. Let a be q(1)